{"id":3547,"date":"2023-02-15T13:56:41","date_gmt":"2023-02-15T10:56:41","guid":{"rendered":"https:\/\/www.biyofitos.com\/?post_type=product&#038;p=3547"},"modified":"2024-10-22T17:16:02","modified_gmt":"2024-10-22T14:16:02","slug":"calhiper-cilt-bakim-kremi","status":"publish","type":"product","link":"https:\/\/www.biyofitos.com\/en\/urun\/calhiper-cilt-bakim-kremi\/","title":{"rendered":"CALH\u0130PER | C\u0130LT BAKIM KREM\u0130"},"content":{"rendered":"<p><strong>Hypericum perforatum (Sar\u0131 kantaron)<\/strong><\/p>\n<ul>\n<li>Anti-enflamatuvar, antimikrobiyal ve antioksidan etkiye sahiptir.<\/li>\n<li>Yara, yan\u0131k ve cilt tahri\u015fleriyle ilgili semptomlar\u0131 hafifletmek amac\u0131yla uzun y\u0131llard\u0131r kullan\u0131lmaktad\u0131r.<\/li>\n<li>Ciltte kurulu\u011fa ba\u011fl\u0131 pullanma ve pi\u015fi\u011fe kar\u015f\u0131 etkili oldu\u011fu da bilinmektedir.<\/li>\n<li>Hypericum perforatum fototosik oldu\u011fundan, ciltte lekelenmelere neden olabilece\u011finden, s\u00fcr\u00fcld\u00fckten sonra\u00a0 hemen g\u00fcne\u015fe \u00e7\u0131k\u0131lmamal\u0131d\u0131r.<\/li>\n<\/ul>\n<p>&nbsp;<\/p>\n<p><strong>Calendula officinalis (Ayn\u0131sefa)<\/strong><\/p>\n<ul>\n<li>Antimikrobiyal, antienflamatuvar, antioksidan ve \u00f6dem \u00f6nleyici etkiye sahiptir.<\/li>\n<li>Yaralar\u0131n iyile\u015fme s\u00fcrecini ve hafif cilt yan\u0131klar\u0131n\u0131n semptomlar\u0131n\u0131 hafifletmek amac\u0131yla kullan\u0131l\u0131r.<\/li>\n<li>Cilt onar\u0131c\u0131 etkiye sahip olan bitkiden elde edilen ekstre ve ya\u011flar ayr\u0131ca cildi nemlendirerek d\u0131\u015f etkenlerden korur<\/li>\n<li>Cilt \u00fczerinde ya\u015flanmaya ba\u011fl\u0131 k\u0131r\u0131\u015f\u0131kl\u0131klar\u0131n olu\u015fumunu \u00f6nlemede yard\u0131mc\u0131 olur.<\/li>\n<\/ul>\n<p>&nbsp;<\/p>\n<p><strong>\u00a0 \u00a0 \u00a0 Bilimsel Kaynaklar<\/strong><\/p>\n<ol>\n<li>Joanne Barnes, Linda A. Anderson and J. David Phillipson (2001). St John&#8217;s wort (Hypericum perforatum L.): a review of its chemistry, pharmacology and clinical). Journal of Pharmacy and Pharmacology 53:583-600.<\/li>\n<li>Ute W\u00f6lfle, G\u00fcnter Seelinger, Christoph M. Schempp (2014). Topical Application of St. John\u02bcs Wort (Hypericum perforatum)-Review. Planta Medica 80: 109\u2013120.<\/li>\n<li>Zduni\u00b4, D. Godevac, M. Milenkovi, D. Vucicevi, K. Savikin, N. Menkovi and S. Petrovi (2009). Evaluation of Hypericum perforatum Oil Extracts for an Antiinflammatory and Gastroprotective Activity in Rats. Phytotherapy Research 23: 1559\u20131564.<\/li>\n<li>Ahmet Altan, \u0130brahim Damlar, Mutan Hamdi Aras, Cansu Alpaslan (2015). Sar\u0131 Kantaronun (Hypericum perforatum) Yara \u0130yile\u015fmesi \u00dczerine Etkisi. Ar\u015fiv Kaynak Tarama Dergisi 24(4):578-591.<\/li>\n<li>Or Givol, Rachel Kornhaber, Denis Visentin, Michelle Cleary, Josef Haik, Moti Harats (2019). A systematic review of Calendula officinalis extract for wound healing. Wound Rep Reg 27: 548\u2013561.<\/li>\n<li>Christoph Nicolaus, Susanne Junghanns, Anja Hartmann, Renato Murillo, Markus Ganzera, Irmgard Merfort (2017). In vitro studies to evaluate the wound healing properties of Calendula officinalis extracts. Journal of Ethnopharmacology 196: 94\u2013103.<\/li>\n<li>Disha Arora, Anita Rani, Anupam Sharma (2013). A review on phytochemistry and ethnopharmacological aspects of genus Calendula. Pharmacognosy Reviews 7(14): 179-187.<\/li>\n<li>Diva Silva, Marta Salvador Ferreira, Jos\u00e9 Manuel Sousa-Lobo, Maria Teresa Cruz and Isabel Filipa Almeida (2021). Anti-Inflammatory Activity of Calendula officinalis L. Flower Extract. Cosmetics 8 (31):1-7. https:\/\/doi.org\/10.3390\/ cosmetics8020031<\/li>\n<\/ol>\n","protected":false},"excerpt":{"rendered":"<ul>\n<li>Geleneksel ve Tamamlay\u0131c\u0131 T\u0131p alan\u0131nda \u00e7al\u0131\u015fan bir grup akademisyenin kendi \u00e7ocuklar\u0131nda g\u00f6rd\u00fckleri yara, berelerin h\u0131zl\u0131 iyile\u015fmesi ve evcil hayvan \u00e7iziklerini iyile\u015ftirmek i\u00e7in geli\u015ftirdikleri do\u011fal ve bitkisel bir kremdir.<\/li>\n<li>\u0130\u00e7eri\u011finde yer alan bitkisel ya\u011flar cildi a\u015f\u0131r\u0131 kuruluk ve tahri\u015fe neden olan d\u0131\u015f fakt\u00f6rlere kar\u015f\u0131 korurken ayr\u0131ca cildi nemlendirerek bak\u0131m\u0131n\u0131 sa\u011flar.<\/li>\n<li>Cildi rahatlat\u0131r, esneklik ve canl\u0131l\u0131k verir.<\/li>\n<\/ul>\n","protected":false},"featured_media":3595,"comment_status":"open","ping_status":"closed","template":"","meta":[],"product_cat":[193],"product_tag":[208,207,209,204,202,206,195,196,200,194,199,197,213,198,210,212,205,211,203,201],"_links":{"self":[{"href":"https:\/\/www.biyofitos.com\/en\/wp-json\/wp\/v2\/product\/3547"}],"collection":[{"href":"https:\/\/www.biyofitos.com\/en\/wp-json\/wp\/v2\/product"}],"about":[{"href":"https:\/\/www.biyofitos.com\/en\/wp-json\/wp\/v2\/types\/product"}],"replies":[{"embeddable":true,"href":"https:\/\/www.biyofitos.com\/en\/wp-json\/wp\/v2\/comments?post=3547"}],"wp:featuredmedia":[{"embeddable":true,"href":"https:\/\/www.biyofitos.com\/en\/wp-json\/wp\/v2\/media\/3595"}],"wp:attachment":[{"href":"https:\/\/www.biyofitos.com\/en\/wp-json\/wp\/v2\/media?parent=3547"}],"wp:term":[{"taxonomy":"product_cat","embeddable":true,"href":"https:\/\/www.biyofitos.com\/en\/wp-json\/wp\/v2\/product_cat?post=3547"},{"taxonomy":"product_tag","embeddable":true,"href":"https:\/\/www.biyofitos.com\/en\/wp-json\/wp\/v2\/product_tag?post=3547"}],"curies":[{"name":"wp","href":"https:\/\/api.w.org\/{rel}","templated":true}]}}

CALHİPER | CİLT BAKIM KREMİ

<p><strong>Hypericum perforatum (Sarı kantaron)</strong></p>
<ul>
<li>Anti-enflamatuvar, antimikrobiyal ve antioksidan etkiye sahiptir.</li>
<li>Yara, yanık ve cilt tahrişleriyle ilgili semptomları hafifletmek amacıyla uzun yıllardır kullanılmaktadır.</li>
<li>Ciltte kuruluğa bağlı pullanma ve pişiğe karşı etkili olduğu da bilinmektedir.</li>
<li>Hypericum perforatum fototosik olduğundan, ciltte lekelenmelere neden olabileceğinden, sürüldükten sonra  hemen güneşe çıkılmamalıdır.</li>
</ul>
<p>&nbsp;</p>
<p><strong>Calendula officinalis (Aynısefa)</strong></p>
<ul>
<li>Antimikrobiyal, antienflamatuvar, antioksidan ve ödem önleyici etkiye sahiptir.</li>
<li>Yaraların iyileşme sürecini ve hafif cilt yanıklarının semptomlarını hafifletmek amacıyla kullanılır.</li>
<li>Cilt onarıcı etkiye sahip olan bitkiden elde edilen ekstre ve yağlar ayrıca cildi nemlendirerek dış etkenlerden korur</li>
<li>Cilt üzerinde yaşlanmaya bağlı kırışıklıkların oluşumunu önlemede yardımcı olur.</li>
</ul>
<p>&nbsp;</p>
<p><strong>      Bilimsel Kaynaklar</strong></p>
<ol>
<li>Joanne Barnes, Linda A. Anderson and J. David Phillipson (2001). St John&#8217;s wort (Hypericum perforatum L.): a review of its chemistry, pharmacology and clinical). Journal of Pharmacy and Pharmacology 53:583-600.</li>
<li>Ute Wölfle, Günter Seelinger, Christoph M. Schempp (2014). Topical Application of St. Johnʼs Wort (Hypericum perforatum)-Review. Planta Medica 80: 109–120.</li>
<li>Zduni´, D. Godevac, M. Milenkovi, D. Vucicevi, K. Savikin, N. Menkovi and S. Petrovi (2009). Evaluation of Hypericum perforatum Oil Extracts for an Antiinflammatory and Gastroprotective Activity in Rats. Phytotherapy Research 23: 1559–1564.</li>
<li>Ahmet Altan, İbrahim Damlar, Mutan Hamdi Aras, Cansu Alpaslan (2015). Sarı Kantaronun (Hypericum perforatum) Yara İyileşmesi Üzerine Etkisi. Arşiv Kaynak Tarama Dergisi 24(4):578-591.</li>
<li>Or Givol, Rachel Kornhaber, Denis Visentin, Michelle Cleary, Josef Haik, Moti Harats (2019). A systematic review of Calendula officinalis extract for wound healing. Wound Rep Reg 27: 548–561.</li>
<li>Christoph Nicolaus, Susanne Junghanns, Anja Hartmann, Renato Murillo, Markus Ganzera, Irmgard Merfort (2017). In vitro studies to evaluate the wound healing properties of Calendula officinalis extracts. Journal of Ethnopharmacology 196: 94–103.</li>
<li>Disha Arora, Anita Rani, Anupam Sharma (2013). A review on phytochemistry and ethnopharmacological aspects of genus Calendula. Pharmacognosy Reviews 7(14): 179-187.</li>
<li>Diva Silva, Marta Salvador Ferreira, José Manuel Sousa-Lobo, Maria Teresa Cruz and Isabel Filipa Almeida (2021). Anti-Inflammatory Activity of Calendula officinalis L. Flower Extract. Cosmetics 8 (31):1-7. https://doi.org/10.3390/ cosmetics8020031</li>
</ol>

<ul>
<li>Geleneksel ve Tamamlayıcı Tıp alanında çalışan bir grup akademisyenin kendi çocuklarında gördükleri yara, berelerin hızlı iyileşmesi ve evcil hayvan çiziklerini iyileştirmek için geliştirdikleri doğal ve bitkisel bir kremdir.</li>
<li>İçeriğinde yer alan bitkisel yağlar cildi aşırı kuruluk ve tahrişe neden olan dış faktörlere karşı korurken ayrıca cildi nemlendirerek bakımını sağlar.</li>
<li>Cildi rahatlatır, esneklik ve canlılık verir.</li>
</ul>
